(2).
31
Let h(m) = -5*m**2 - 26*m + 128. What is h(4)?
-56
Let r(q) = -q**3 + 2*q + 2. Determine r(0).
2
Let w(h) = -3304*h + 26439. Determine w(8).
7
Let l(v) = v**3 - 49*v**2 - 48*v - 341. Give l(50).
-241
Let i(y) = -3*y**2 + 38*y - 6. Calculate i(4).
98
Let q(m) = -37*m + 147. Give q(5).
-38
Let s(r) = 1574*r + 25175. Determine s(-16).
-9
Let v(w) = -5*w**2 - 10*w + 33. Calculate v(4).
-87
Let m(k) = -107*k - 3133. Calculate m(-30).
77
Let c(z) = -1159*z - 4628. Give c(-4).
8
Let s(f) = 304*f + 24. Calculate s(0).
24
Let r(b) = 4*b**2 + 71*b + 300. Calculate r(-11).
3
Let a(h) = -5100*h + 198889. Give a(39).
-11
Let n(d) = 15*d**2 + 20*d + 83. Give n(-4).
243
Let u(l) = 7*l**2 - 70*l + 57. What is u(9)?
-6
Let k(u) = -16*u + 348. What is k(25)?
-52
Let c(w) = 2*w**3 + 42*w**2 + 19*w + 394. Calculate c(-21).
-5
Let z(l) = -10*l**2 + 97*l - 156. Calculate z(7).
33
Let z(t) = -4*t**2 - 42*t + 129. Determine z(-13).
-1
Let y(z) = z**2 - 48*z + 152. Determine y(37).
-255
Let g(m) = -530*m - 1588. Give g(-3).
2
Let a(k) = 173*k - 568. What is a(4)?
124
Let d(j) = j**3 - 3*j**2 + 9*j - 5. What is d(3)?
22
Let c(m) = m**3 + 5*m**2 - 9*m - 47. What is c(-6)?
-29
Let u(d) = 3*d**2 - 14*d - 31. Calculate u(8).
49
Let y(m) = -1224*m + 8576. Calculate y(7).
8
Let v(s) = -2*s**2 - 7*s + 42. Determine v(-7).
-7
Let j(i) = i**2 + 827*i + 20833. Determine j(-26).
7
Let i(v) = 192*v + 17567. Determine i(-91).
95
Let w(q) = -q**3 + 7*q**2 + 9*q + 34. Give w(8).
42
Let d(z) = 437*z + 7022. Give d(-16).
30
Let x(f) = f**2 - 25*f - 1099. Give x(-23).
5
Let a(r) = 5*r**2 - 164*r + 114. Give a(32).
-14
Let w(z) = -42*z**2 + 286*z + 219. Determine w(8).
-181
Let u(f) = 24*f - 1437. Give u(60).
3
Let t(a) = a**2 + 12550*a - 150741. What is t(12)?
3
Let v(o) = -o**3 - 24*o**2 - 138*o - 48. Give v(-15).
-3
Let j(u) = u**2 - 26*u - 47. Give j(14).
-215
Let x(w) = -4*w**3 - 50*w**2 + 85*w + 10. Give x(-14).
-4
Let o(f) = -82*f + 5766. What is o(71)?
-56
Let n(c) = -261*c - 5473. Give n(-21).
8
Let q(b) = 4019*b - 28134. Give q(7).
-1
Let j(n) = n**3 - 31*n**2 + 30*n + 73. Give j(30).
73
Let m(y) = y**2 + 107*y + 778. Give m(-8).
-14
Let p(f) = -170*f + 10876. Calculate p(63).
166
Let p(v) = 57*v**2 - 35*v - 34. Calculate p(-1).
58
Let j(w) = w**2 - 9*w - 165. Calculate j(17).
-29
Let i(y) = -y**3 - 4*y**2 - y + 1. Determine i(-4).
5
Let c(i) = 3*i**2 - 14*i + 125. What is c(11)?
334
Let c(y) = -125*y - 1757. What is c(-14)?
-7
Let w(s) = s**2 + 31*s - 92. Determine w(-34).
10
Let y(k) = -23*k**2 + 15*k - 1. Calculate y(1).
-9
Let b(g) = -146*g + 34149. Give b(234).
-15
Let o(h) = -h**3 + 23*h**2 + 171*h + 93. Calculate o(29).
6
Let c(h) = h**2 - 75*h + 939. What is c(16)?
-5
Let s(t) = 3*t**3 - 34*t**2 + 17*t - 25. What is s(11)?
41
Let v(b) = -2*b**2 + 122*b - 1168. What is v(49)?
8
Let v(u) = -u + 43. Calculate v(-9).
52
Let u(l) = -55*l - 344. What is u(-7)?
41
Let a(r) = -51*r - 242. Determine a(-5).
13
Let z(j) = 14*j + 290. What is z(-16)?
66
Let q(u) = -u**3 + 5*u**2 + 21*u - 23. Calculate q(7).
26
Let t(g) = -g**3 + 2*g**2 + 14*g + 19. Determine t(-2).
7
Let h(x) = 6*x**2 + 4*x - 38. What is h(5)?
132
Let z(d) = d**2 + 68*d + 566. Give z(-10).
-14
Let f(p) = -8*p**3 - 5*p**2 - 6*p - 19. Determine f(-2).
37
Let i(o) = 9*o**2 - 4*o - 17. Calculate i(-5).
228
Let l(d) = 1654*d + 46298. Give l(-28).
-14
Let d(z) = -113*z - 1804. Give d(-16).
4
Let m(b) = -95*b + 4. Calculate m(4).
-376
Let m(t) = 4*t**2 - 32*t - 20. Determine m(8).
-20
Let l(d) = 2*d**3 + 40*d**2 + d. Determine l(-20).
-20
Let x(i) = i + 14. Give x(-53).
-39
Let q(i) = i**3 + 5*i**2 + 251*i + 1849. What is q(-7)?
-6
Let q(l) = 45*l + 461. Calculate q(-10).
11
Let q(r) = 109*r + 2324. What is q(-21)?
35
Let w(b) = -b**3 - 5*b**2 + 4*b - 7. Calculate w(-6).
5
Let n(j) = -109*j - 788. Determine n(-8).
84
Let z(p) = -3*p**3 + 15*p**2 + 21*p - 99. What is z(5)?
6
Let h(y) = 3*y**2 + 40*y + 174. Calculate h(-6).
42
Let n(i) = i**3 + 43*i**2 + 440*i - 47. Calculate n(-26).
5
Let o(f) = 17*f**2 - 144*f. What is o(9)?
81
Let d(r) = r**3 + 6*r**2 - 9*r - 51. Give d(3).
3
Let w(m) = -18*m**2 - 6*m - 67. Calculate w(-5).
-487
Let u(y) = -10*y**2 - 13*y - 15. What is u(-2)?
-29
Let r(y) = 12*y**2 - 307*y + 458. Determine r(24).
2
Let h(p) = p**3 + 6*p**2 + 905*p + 7367. Give h(-8).
-1
Let p(b) = -b**3 - 6*b**2 + 15*b + 89. Determine p(-6).
-1
Let k(y) = -2*y**2 - 178*y - 1731. Give k(-78).
-15
Let q(g) = -16*g + 615. Calculate q(36).
39
Let u(c) = -129*c - 4033. Give u(-31).
-34
Let t(h) = -36*h - 1341. Give t(-34).
-117
Let o(r) = 146*r + 2068. Give o(-15).
-122
Let a(s) = 34*s + 179. Give a(-12).
-229
Let v(p) = p**3 - 14*p**2 + 49*p - 57. Calculate v(9).
-21
Let k(g) = -g**2 + 68*g - 1122. Determine k(42).
-30
Let h(x) = 67*x + 2547. Give h(-38).
1
Let m(z) = 3*z**3 - 146*z**2 - 34*z - 50. Give m(49).
685
Let n(o) = -30*o**2 - 5*o + 7. What is n(2)?
-123
Let m(p) = -49*p - 2620. What is m(-54)?
26
Let w(l) = 3*l**2 + 27*l - 1161. Give w(16).
39
Let p(q) = -q**3 - 9*q**2 + 26*q + 50. Give p(-11).
6
Let j(t) = t**2 + 3*t - 415. What is j(19)?
3
Let d(q) = -q**3 - 87*q**2 - 1134*q + 137. Calculate d(-71).
-5
Let t(n) = 5*n**3 + 9*n**2 - 87*n - 260. Determine t(-3).
-53
Let k(y) = 356*y - 1058. Determine k(3).
10
Let u(x) = -149*x. Determine u(0).
0
Let j(v) = -v**3 - 4*v**2 - 75*v - 143. Give j(-2).
-1
Let b(g) = g**2 + 645*g - 20910. Determine b(31).
46
Let s(v) = v**3 + 9*v**2 + 10*v + 3. Determine s(-8).
-13
Let d(p) = -p**3 + p**2 + 72*p + 432. Calculate d(-7).
320
Let n(a) = -12*a**3 + 1140*a**2 - 2*a + 179. Calculate n(95).
-11
Let o(c) = -c**2 - 44*c. Calculate o(-28).
448
Let p(r) = 106*r + 6333. Determine p(-61).
-133
Let w(y) = y**3 + 51*y**2 + 215*y - 168. What is w(-46)?
522
Let n(s) = -106*s - 3202. What is n(-29)?
-128
Let r(i) = -2*i**3 + 105*i**2 + 768*i - 65. Give r(59).
-6
Let i(b) = -2*b**2 - 31*b - 110. What is i(-4)?
-18
Let y(z) = -z**3 - 22*z**2 - 4*z + 62. Give y(-21).
-295
Let w(s) = -s**2 + 229*s + 22800. Give w(-75).
0
Let t(d) = d**3 + 17*d**2 - 7*d - 293. Give t(-16).
75
Let s(r) = -3731*r - 11196. Give s(-3).
-3
Let d(p) = p**3 + 22*p**2 - 64*p + 39. Give d(-25).
-236
Let l(a) = 280*a - 268. Determine l(1).
12
Let t(n) = -12*n - 203. Calculate t(-17).
1
Let b(v) = -v**2 - 122*v - 2413. Determine b(-25).
12
Let t(v) = 19*v**2 - 1713*v + 282. Determine t(90).
12
Let o(g) = -20*g**3 + 4181*g**2 - 206*g - 628. Determine o(209).
-1
Let c(w) = w**2 - 41*w + 18. Calculate c(39).
-60
Let x(v) = 602*v + 66829. Determine x(-111).
7
Let y(c) = -2*c**2 - 386*c - 7232. What is y(-21)?
-8
Let b(x) = 3*x**3 + 104*x**2 - 146*x - 81. Calculate b(-36).
-9
Let d(m) = -3*m**3 + 166*m**2 - 64*m + 300. Determine d(55).
-195
Let z(h) = 43*h**2 - 115*h + 173. Calculate z(2).
115
Let d(z) = -4*z**2 + 40*z + 191. Give d(13).
35
Let b(r) = -63*r - 660. Determine b(-8).
-156
Let v(t) = t**3 - 22*t**2 - 54*t + 169. Give v(24).
25
Let h(j) = 1246*j - 1348. Give h(1).
-102
Let m(z) = 72*z - 95. Give m(6).
337
Let l(h) = 3*h**2 + 161*h + 987. Calculate l(-7).
7
Let o(h) = -1706*h - 3447. What is o(-2)?
-35
Let y(w) = -3*w + 77. Give y(39).
-40
Let o(g) = 3227*g - 9680. What is o(3)?
1
Let j(w) = -3*w**3 + 81*w**2 - 226*w + 2. Determine j(3).
-28
Let q(p) = -11*p**2 - 130*p + 487. Determine q(3).
-2
Let c(a) = -19*a + 1534. Determine c(80).
14
Let a(q) = 12756*q - 51025. Give a(4).
-1
Let f(h) = -53*h**3 - 265*h**2 + 5*h + 18. Determine f(-5).
-7
Let z(u) = -u**2 - 255*u - 1490. What is z(-6)?
4
Let t(p) = 23*p**3 + 32*p + 66. Determine t(-2).
-182
Let z(t) = t**2 - 20*t - 57. What is z(22)?
-13
Let c(r) = -r**2 - 190*r - 6327. Calculate c(-43).
-6
Let q(i) = i**2 - 15*i + 42. Determine q(10).
-8
Let i(v) = v**3 + 12*v**2 - 2*v - 10. What is i(0)?
-10
Let r(g) = -g**3 - 57*g**2 - 3*g - 177. Determine r(-57).
-6
Let o(d) = 1170*d + 4110. What is o(-4)?
-570
Let o(n) = 2*n**2 + n + 5. Determine o(0).
5
Let d(u) = u**3 - 79*u**2 + 1449*u + 26. Give d(29).
-3
Let r(s) = 16*s**2 + 2062*s - 264. Determine r(-129).
-6
Let r(x) = -4*x**2 - 2*x + 49. Calculate r(5).
-61
Let i(a) = -68*a + 43. Calculate i(1).
-25
Let z(f) = -52*f + 1359. Give z(28).
-97
Let i(r) = r**2 + 2375*r + 9497. Determine i(-4).
13
Let g(b) = 10